2
What is 0 - (8 - 7 - (-1 + 4))?
2
What is 13 + (-15 - (1 - 7))?
4
What is 7 - (2 + (14 - 7) + -7)?
5
(5 - 1) + (5 - 15) - -2
-4
What is (1 - (6 - 4)) + -2 + 2?
-1
What is the value of 5 + -7 + (-2 - (-3 - -3))?
-4
Evaluate -3 - -6 - (0 - -3).
0
What is 1 - (-1 - 1 - (-4 + 5))?
4
Evaluate -1 + 5 - (6 + -6).
4
-2 + 5 + 2 - (3 - -2)
0
Evaluate 6 + -3 + 1 - -2.
6
What is 0 - ((-1 - -5) + 3) - -3?
-4
What is -1 + (2 - (0 + -7 + -1))?
9
What is 1 - 1 - -5 - (7 + -5)?
3
What is -5 + 3 + -4 + 3?
-3
What is the value of (8 - (-4 - -6)) + -7?
-1
What is the value of (1 - 12) + (25 - 19) - -2?
-3
Calculate -1 + 0 + 3 + -2.
0
Calculate -4 - (-1 - (-2 + 1) - 4).
0
-1 - ((-5 - -1) + 11 + -7)
-1
Calculate -4 - (3 - 8) - 4.
-3
Calculate 5 + (15 - 11) + -15.
-6
Evaluate 9 + -4 + 7 + -9.
3
What is 0 - 0 - ((-5 - -1) + 1)?
3
Evaluate 2 - (-2 + 7 + -1).
-2
Evaluate 0 + -2 - 1 - -6.
3
Evaluate 2 + 4 + -8 - (1 - 1).
-2
(8 - 4) + 1 - -1
6
Calculate -4 - (0 + -7 - -2).
1
Calculate 2 - -1 - (12 - (5 + 3)).
-1
What is 1 + 1 + (2 - (0 + -1))?
5
What is (-7 - (-6 + 4)) + 4?
-1
Evaluate 4 - (4 + 0 + -3).
3
What is the value of (8 - 16) + -11 + 10?
-9
Calculate 3 + 3 + -32 + 28.
2
3 + (4 - (3 + 0) - 7)
-3
What is -15 + (3 - -11) - 4?
-5
Calculate 1 - -5 - (10 - (-4 - -1)).
-7
What is the value of 3 + -3 + 3 + (-4 - 1)?
-2
Evaluate (-1 + -8 - -2) + (-106 - -111).
-2
Calculate 1 - 7 - (-38 - -37) - 2.
-7
What is -2 + 1 + (-2 - 0) + -1?
-4
What is the value of 0 + 9 + 1 + -12?
-2
Calculate 19 + -21 - (4 + -11).
5
(0 - 1) + -4 + (7 - -1)
3
Evaluate 9 + 2 - (11 + -2).
2
Calculate -4 - -1 - (3 - 3) - 1.
-4
What is the value of -7 + (-2 - -3) - -1 - -1?
-4
Evaluate (6 - 0) + -3 + 0.
3
Calculate -4 - (3 - 2) - -5.
0
What is the value of -1 - (6 + (-12 - -6))?
-1
Evaluate 0 - (3 + -3 - -2).
-2
Evaluate (1 - -1) + -1 - (-8 - -5).
4
What is the value of -8 + 15 + (-8 - -5)?
4
What is the value of 4 + -10 + 0 + 14?
8
Calculate 4 - (-2 + 9 + -2).
-1
What is the value of -4 + (2 - 0) - (3 + -8)?
3
-2 - -1 - -5 - (-1 + 3)
2
-3 - -1 - (1 + 2 - 4)
-1
Evaluate -8 + 11 - (7 - 2).
-2
What is the value of 0 + (-4 - (1 + -9))?
4
-3 - (-3 + 5) - -4
-1
What is -8 - (0 + (3 - 17 - -7))?
-1
Evaluate -8 + 19 + 3 + -7.
7
(2 - -2) + -8 + 6
2
Evaluate 0 + -8 - (-45 + 33).
4
Calculate 7 + (-13 - 0) - -1.
-5
Calculate (1 - -4) + -7 + -1.
-3
What is 1 + 2 + 1 + -9?
-5
What is (2 - 4) + 4 + 2 + -8?
-4
What is the value of (-2 - 1) + (-6 + 4 - -5)?
0
-1 - (-5 + 0 - -1) - -1
4
What is (1 - 5 - (1 + -7)) + -2?
0
What is 11 - (12 - -17) - -13?
-5
What is the value of 7 + (-4 - -3) - 8?
-2
-3 - (-10 - (9 - 14))
2
0 + 2 - (-9 - -16)
-5
Calculate 7 - (-1 + 4 - (-68 + 70)).
6
Calculate 0 + (6 - -5) + -9.
2
Evaluate 5 - 9 - ((2 - 9) + 13).
-10
0 + -1 + 2 - (10 - 5)
-4
Evaluate 2 + -8 + (1 - -5 - -2).
2
Calculate -1 + -4 + 1 + 3 - 0.
-1
Calculate 3 + -3 + 1 + -2 - 0.
-1
What is the value of 1 + (6 - 17) + 0 + 3?
-7
What is 5 - 1 - (25 + -25)?
4
-9 + 5 - (2 - 9)
3
What is the value of 0 - (7 - 4) - -1?
-2
What is 2 - (-1 - 2) - (-18 - -26)?
-3
Calculate 4 - (0 - (-5 + 4)).
3
Evaluate -10 - (-8 - -3 - 11).
6
What is the value of -4 + 5 - 5 - -3 - 4?
-5
What is -3 + -1 - ((-13 - -20) + -6)?
-5
Evaluate 12 - (4 - -8 - -1).
-1
Calculate 2 + -1 + -7 + 4.
-2
What is the value of -2 + (-2 - (-2 + -1) - -1)?
0
Evaluate 30 + -28 - (-3 + -1).
6
Calculate -1 + 2 - (-4 - -3).
2
What is (10 - 4) + 2 + -9?
-1
(-62 - -63) + (-2 - 6)
-7
What is 1 - (-3 + (8 - 3))?
-1
Evaluate (-2 - -4 - -1) + (-2 - 0).
1
Evaluate 0 + (-9 - -5) + 1 + 1.
-2
What is 0 + (3 - 1 - 7 - -6)?
1
(6 - 17) + 19 - (7 - -1)
0
Calculate -4 - (4 + (-3 - 6)).
1
Calculate (2 - -5) + -2 - 1 - 4.
0
-28 - -24 - (-1 - (0 - -2))
-1
Calculate -5 + (-1 - 4 - -3).
-7
What is the value of (1 - (-3 + 10)) + 2?
-4
4 + 1 + -1 - (0 - -1)
3
Calculate -11 + (-8 - (-9 - 7)).
-3
Calculate 3 + 0 + (2 - 2).
3
What is -3 - (-1 + -4 - (0 - 6))?
-4
Evaluate (8 - 14) + (4 + -3 - -9).
4
What is the value of -1 + -3 - (-1 - 1)?
-2
Evaluate 2 - (-1 - (-2 + -4)).
-3
14 + -5 - 4 - (-1 - -5)
1
Evaluate -3 - (-2 - -4 - (11 - 2)).
4
Calculate 8 + -3 - -3 - 4 - 10.
-6
What is -1 + 0 + -5 - -8?
2
Evaluate -7 - (-10 + 8) - -1.
-4
-1 - -5 - (-4 + (5 - -6))
-3
What is (-4 - -6 - 5) + 7?
4
-1 - (2 + 1 + -1 + -3)
0
What is the value of -11 + 0 + -36 + 49?
2
What is 3 - ((-7 - -7) + 2 + 0)?
1
Evaluate 4 + 8 + -6 + 0.
6
3 - ((3 - 4) + 8)
-4
What is the value of -8 + 7 - (-8 + 6)?
1
Evaluate -5 + (-2 - (3 + 1 + -7)).
-4
What is the value of -2 + 3 + (3 - (-3 - -7))?
0
Calculate -2 + -4 + (-1 - (-2 + 0)).
-5
(-32 - -26) + 2 + 2
-2
4 + (-10 - 0) + 2 + 1
-3
(-2 - (-4 + 8)) + 1 + 1
-4
What is -6 + 6 + (10 - 12)?
-2
-5 + 14 + (-3 - 3)
3
Evaluate 4 + -7 - (-4 - -1) - 3.
-3
What is (-1 + (6 - 5) - -6) + -5?
1
Calculate 6 + -1 - (-6 + 7).
4
What is -2 + 0 + 2 + 3 - 6?
-3
Calculate -3 - (1 - 1 - -2).
-5
Evaluate -4 - (-4 - (-2 + -1 + -2)).
-5
What is 7 + -12 + (1 - -8)?
4
What is 1 + -2 + 8 + -4 + -5?
-2
Evaluate -1 - 5 - -8 - 3 - 0.
-1
What is (-1 - (-13 + 5)) + -13?
-6
4 - (13 - 10 - -6)
-5
What is the value of 3 - (-3 - (-2 + -1 - 3))?
0
Calculate -3 + (2 - 2) + (-3 - -1).
-5
What is the value of 0 + -2 + 1 - -1?
0
What is the value of -7 + (5 - (-4 + 7))?
-5
-9 + 0 + 3 + -4 + 3
-7
What is 0 + 0 - (4 - 4 - -5)?
-5
What is the value of (-2 - 1 - -6) + -8?
-5
Calculate (-5 - -3) + 12 + -4 + 1.
7
Calculate 4 + (6 - (9 - -2)).
-1
What is the value of -6 + (-5 - (3 - 11))?
-3
Calculate -5 + 12 + (-2 - 0) + -1.
4
1 + 5 + (-1 - 1) + -7
-3
-9 + -3 + (8 - (-7 - -9))
-6
-5 + (2 - 3) + 10 + -4
0
Evaluate 0 + -2 + (13 + -20 - -8).
-1
Calculate -6 + (-5 - (4 + -15)).
0
What is (2 - 2) + (4 - 8)?
-4
Calculate -7 - (-1 - (0 + 1)).
-5
1 + -4 - (-9 + 2)
4
Calculate (-2 + 0 - -4) + 8 + -7.
3
Evaluate (7 + 0 - 16) + 9.
0
3 - (-4 - -7) - -4
4
-9 + 12 - (-5 + (6 - 2))
4
Calculate -6 + 0 - -11 - 1 - -2.
6
What is the value of -9 + (23 - 6) - 8?
0
What is the value of 15 + -3 + (-8 - (-5 + 2))?
7
What is the value of -9 + (0 - (-3 - 2))?
-4
What is -7 - -1 - (164 + -168)?
-2
What is -1 - (2 + 2) - (4 - 4)?
-5
What is the value of 4 - (-4 - -4 - -11) - -4?
-3
What is (0 - (-1 - -8)) + 2?
-5
5 + 0 + (-4 - 2)
-1
What is -7 + -4 + 10 - 3?
-4
What is the value of -6 + (-2 - -8) + 5?
5
-31 + 30 - (-7 + 0 - 3)
9
Evaluate 0 - (-3 - (0 + -11)).
-8
Evaluate 1 + (4 - -1) + -11.
-5
What is -1 - (7 - ((0 - -1) + -2))?
-9
3 + -8 + (-5 - -10)
0
Calculate (0 - (0 - -4)) + 3.
-1
What is the value of -4 - ((3 - 2 - 3) + 0)?
-2
Calculate (-3 - (-19 - (-6 - -2))) + -4.
8
What is 20 + -14 + (2 - 1) - 0?
7
What is 16 - (-2 + -6 - -14)?
10
What is 14 - (23 - (11 + -2))?
0
What is 1 - (2 + (-4 - (-6 + 3)))?
0
(4 - 5) + -4 + 8
3
10 - (-1 + 0) - 14
-3
Calculate 11 + -3 + 1 - 4.
5
What is the value of -4 - 0 - (18 - 12 - 10)?
0
What is 6 + -4 + (2 - (4 + -1))?
1
(0 - 5) + 79 + -71
3
Evaluate -3 + 3 - (10 - 8 - 2).
0
What is -1 + 12 - (-19 + 24)?
6
Evaluate -2 + 1 - (0 - (-14 + 11)).
-4
Calculate 7 + -5 + 4 + 0.
6
Calculate 1 - (2 + 5 + 2 + -1).
-7
(-23 - -24) + 0 + -1
0
Calculate -8 + 6 + (-1 - -1).
-2
What is the value of -5 + 11 + -2 - -5?
9
Calculate 1 + (-5 + 2 - -3) - 3.
-2
What is the value of (-4 - 2) + 14 + -4?
4
Evaluate 10 + -1 - (-2 + -6 + 11).
6
What is the value of 0 + (1 - 3) - (-14 + 5)?
7
Evaluate 15 - 10 - (0 + (9 - -2)).
-6
What is -2 + (1 + -2 - -6)?
3
Calculate 2 + 2 + 6 + -15.
-5
What is the value of (-3 - -3 - 2) + 0 + 2?
0
Evaluate (-8 - (4 - 8)) + 6.
2
What is the value of 36 + -22 + -11 - (6 - 0)?
-3
Calculate 14 - 7 - (2 + -1 - -2).
4
Calculate 9 + -4 + -12 + -4 + 16.
5
What is the value of (-31 - -19) + (-3 - -21)?
6
What is the value of -1 + -2 + 13 + 0 + -8?
2
Evaluate (0 - 3) + -5 + 10.
2
Calculate -8 + (5 - -8) - 3.
2
What is the value of -3 + 1 + (-10 - 0) + 4?
-8
What is (2 - 3 - (-4 + 2)) + 3?
4
-10 + 12 - (3 - -6)
-7
(-1 - -9) + -3 + 5 + -6
4
What is 10 + -2 + (-86 - -85)?
7
What is (2 - -8) + (-84 - -72)?
-2
Evaluate -9 - (-14 - (-11 + 1)).
-5
What is the value of 3 + (4 + (-1 - -1) - 4)?
3
What is the value of 5 - ((6 - 4) + -1 + 3)?
1
What is the value of -2 + 2 + -41 + 36?
-5
Calculate 6 - (1 + (-8 - -5 - -3)).
5
(0 + 1 - 5) + 8
4
Evaluate 4 - (-2 - -5 - 0).
1
Calculate -2 - -2 - (-3 - -7).
-4
What is 4 - (-1 + (7 +